{"id":162,"date":"2025-07-12T17:50:01","date_gmt":"2025-07-12T14:50:01","guid":{"rendered":"https:\/\/xn--ennurturizm-qgc.com\/index.php\/hakkinda-2\/"},"modified":"2025-07-12T18:11:51","modified_gmt":"2025-07-12T15:11:51","slug":"hakkinda-2","status":"publish","type":"page","link":"https:\/\/xn--ennurturizm-qgc.com\/index.php\/hakkinda-2\/","title":{"rendered":"Hakk\u0131nda"},"content":{"rendered":"\n    \n    <section class=\"u-clearfix u-section-2\" id=\"block-1\">\n      <div class=\"u-clearfix u-sheet u-sheet-1\">\n        <div class=\"fr-view u-clearfix u-rich-text u-text u-text-1\">\n          <p>Misyonumuz \u0130nan\u00e7 ve turizm sekt\u00f6r\u00fcnde yeni faaliyete ba\u015flayan \u015firketimizde m\u00fc\u015fterilerimizin beklentilerini kar\u015f\u0131lamak, hac ve umreci misafirlerimizi Allah\u2019\u0131n misafirleri gibi g\u00f6rerek halka hizmet Hakka hizmettir prensibi ile hac ve umreci misafirlerimize insana dayal\u0131 hizmet etmek. Bu konuda teknolojiyi de kullanarak s\u00fcrekli geli\u015fen ve yenilik\u00e7i bir anlay\u0131\u015f ile b\u00f6lgesel de\u011fil \u00dclke genelinde marka olan bir \u015firket haline gelmektir. Bu hedefimize ula\u015fabilmek i\u00e7in dinamik, h\u0131zl\u0131, yenilik\u00e7i, rekabet\u00e7i bir ekip \u00e7al\u0131\u015fmas\u0131 ile m\u00fc\u015fterilerimizin beklentilerini kar\u015f\u0131layan hizmetler sunmak, m\u00fc\u015fteri memnuniyetine dayal\u0131 bir anlay\u0131\u015fla hizmetlerimize devam ederek sizlerin memnuniyet Ve dualar\u0131n\u0131z\u0131 kazanma ad\u0131na \u00e7ok \u00e7al\u0131\u015fmay\u0131 ve \u00e7ok hizmet etmeyi taahh\u00fct ediyoruz. Bizimle yapaca\u011f\u0131n\u0131z Farza ve s\u00fcnnete dayal\u0131 ibadetleriniz sonunda mutluluklar\u0131n\u0131za ve dualar\u0131n\u0131za talibiz. \u015eennur Turizm olarak vizyonumuz, m\u00fc\u015fterilerimize ve \u00e7al\u0131\u015fanlar\u0131m\u0131za de\u011ferler olu\u015fturarak M\u00fc\u015fterilerimizin kutsal g\u00f6revlerinde kendilerine destek vermek ve bu alanda marka bir kurulu\u015f olmakt\u0131r. M\u00fc\u015fterilerimizin ihtiya\u00e7lar\u0131na uygun \u00e7\u00f6z\u00fcmleri birlikte \u00fcreterek m\u00fc\u015fterinin memnuniyetini \u00f6n plana alarak Temel de\u011ferlerimiz do\u011frultusunda d\u00fcr\u00fcstl\u00fck ve kaliteden taviz vermeyen sekt\u00f6rde tercih edilen bir firma olmakt\u0131r. <strong id=\"isPasted\">\u015eennur Turizm<\/strong>\n          <\/p>\n        <\/div>\n        <img decoding=\"async\" class=\"u-image u-image-contain u-image-default u-preserve-proportions u-image-1\" src=\"https:\/\/xn--ennurturizm-qgc.com\/wp-content\/uploads\/2025\/07\/ENNURTURZM-2.jpeg-2.jpeg\" alt=\"\" data-image-width=\"1024\" data-image-height=\"1024\">\n      <\/div>\n    <\/section>\n    \n    \n    \n    \n  \n","protected":false},"excerpt":{"rendered":"<p>Misyonumuz \u0130nan\u00e7 ve turizm sekt\u00f6r\u00fcnde yeni faaliyete ba\u015flayan \u015firketimizde m\u00fc\u015fterilerimizin beklentilerini kar\u015f\u0131lamak, hac ve umreci misafirlerimizi Allah\u2019\u0131n misafirleri gibi g\u00f6rerek halka hizmet Hakka hizmettir prensibi ile hac ve umreci misafirlerimize insana dayal\u0131 hizmet etmek. Bu konuda teknolojiyi de kullanarak s\u00fcrekli geli\u015fen ve yenilik\u00e7i bir anlay\u0131\u015f ile b\u00f6lgesel de\u011fil \u00dclke genelinde marka olan bir \u015firket haline &hellip; <a href=\"https:\/\/xn--ennurturizm-qgc.com\/index.php\/hakkinda-2\/\" class=\"more-link\">Continue reading<span class=\"screen-reader-text\"> &#8220;Hakk\u0131nda&#8221;<\/span><\/a><\/p>\n","protected":false},"author":1,"featured_media":0,"parent":0,"menu_order":7,"comment_status":"closed","ping_status":"closed","template":"","meta":{"footnotes":""},"class_list":["post-162","page","type-page","status-publish","hentry"],"_links":{"self":[{"href":"https:\/\/xn--ennurturizm-qgc.com\/index.php\/wp-json\/wp\/v2\/pages\/162","targetHints":{"allow":["GET"]}}],"collection":[{"href":"https:\/\/xn--ennurturizm-qgc.com\/index.php\/wp-json\/wp\/v2\/pages"}],"about":[{"href":"https:\/\/xn--ennurturizm-qgc.com\/index.php\/wp-json\/wp\/v2\/types\/page"}],"author":[{"embeddable":true,"href":"https:\/\/xn--ennurturizm-qgc.com\/index.php\/wp-json\/wp\/v2\/users\/1"}],"replies":[{"embeddable":true,"href":"https:\/\/xn--ennurturizm-qgc.com\/index.php\/wp-json\/wp\/v2\/comments?post=162"}],"version-history":[{"count":1,"href":"https:\/\/xn--ennurturizm-qgc.com\/index.php\/wp-json\/wp\/v2\/pages\/162\/revisions"}],"predecessor-version":[{"id":180,"href":"https:\/\/xn--ennurturizm-qgc.com\/index.php\/wp-json\/wp\/v2\/pages\/162\/revisions\/180"}],"wp:attachment":[{"href":"https:\/\/xn--ennurturizm-qgc.com\/index.php\/wp-json\/wp\/v2\/media?parent=162"}],"curies":[{"name":"wp","href":"https:\/\/api.w.org\/{rel}","templated":true}]}}