{"id":63,"date":"2025-07-12T16:56:40","date_gmt":"2025-07-12T13:56:40","guid":{"rendered":"https:\/\/xn--ennurturizm-qgc.com\/index.php\/luks-umre\/"},"modified":"2025-07-18T04:32:31","modified_gmt":"2025-07-18T01:32:31","slug":"luks-umre","status":"publish","type":"page","link":"https:\/\/xn--ennurturizm-qgc.com\/index.php\/luks-umre\/","title":{"rendered":"l\u00fcks umre"},"content":{"rendered":"\n    \n    <section class=\"u-clearfix u-section-2\" id=\"block-1\">\n      <div class=\"u-clearfix u-sheet u-sheet-1\">\n        <div class=\"u-container-style u-expanded-width-xs u-group u-palette-2-dark-1 u-group-1\">\n          <div class=\"u-container-layout u-container-layout-1\">\n            <p class=\"u-text u-text-body-alt-color u-text-1\"> l\u00fcx umre 8 g\u00fcn <\/p>\n            <p class=\"u-text u-text-default u-text-2\"><span style=\"font-weight: 700;\" class=\"u-text-body-alt-color\">Tur No <\/span><span class=\"u-text-body-alt-color\">: 93<\/span>\n            <\/p>\n          <\/div>\n        <\/div>\n        <div class=\"u-container-style u-expanded-width-md u-expanded-width-sm u-expanded-width-xs u-grey-5 u-group u-group-2\">\n          <div class=\"u-container-layout u-container-layout-2\">\n            <p class=\"u-text u-text-default u-text-3\"><span class=\"u-text-palette-2-dark-2\" style=\"font-weight: 700;\"> Medine Otel<\/span>\n              <br>&nbsp; &nbsp; &nbsp;(3 Gece) \n            <\/p>\n            <p class=\"u-text u-text-4\"><span style=\"font-weight: 700;\" class=\"u-text-palette-2-dark-2\">Mekke Otel<\/span>\n              <br>&nbsp; &nbsp;(4 Gece) \n            <\/p>\n            <p class=\"u-text u-text-palette-2-dark-2 u-text-5\"> G\u00fcn Say\u0131s\u0131&nbsp; &nbsp; &nbsp; &nbsp; &nbsp; :<span class=\"u-text-black\">7<\/span><span class=\"u-text-black\"><\/span><span class=\"u-text-black\">&nbsp;Gece 8 G\u00fcn<\/span>\n            <\/p>\n            <p class=\"u-text u-text-6\"><span class=\"u-text-black\" style=\"font-weight: 700;\"> Gidi\u015f Tarihi&nbsp;<\/span> &nbsp; &nbsp; &nbsp; <span style=\"font-weight: 700;\">:<\/span>22 \u015eUBAT 2025 (\u0130ST\/MED) <br>\n            <\/p>\n            <p class=\"u-text u-text-default-lg u-text-default-md u-text-default-sm u-text-default-xl u-text-7\"> 4'l\u00fc Odada<br>Ki\u015fi Ba\u015f\u0131<br><span class=\"u-text-palette-2-dark-2\">2200 $<\/span>\n              <br>\n            <\/p>\n            <p class=\"u-text u-text-8\"> 3'l\u00fc Odada<br>Ki\u015fi Ba\u015f\u0131<br><span class=\"u-text-palette-2-dark-2\">2250 $<\/span><span class=\"u-text-palette-2-dark-2\"><\/span>\n            <\/p>\n            <p class=\"u-text u-text-9\">2'li Odada<br>Ki\u015fi Ba\u015f\u0131 <br><span class=\"u-text-palette-2-dark-2\">2300 $<\/span>\n              <br>\n            <\/p>\n            <div class=\"u-container-style u-group u-image u-image-1\" data-image-width=\"310\" data-image-height=\"170\" style=\"background-image: url(&quot;https:\/\/xn--ennurturizm-qgc.com\/wp-content\/uploads\/2025\/07\/9a2f827b-6c64-46b3-ba8b-03271085dac860916947.jpg.jpg&quot;);\">\n              <div class=\"u-container-layout u-container-layout-3\"><\/div>\n            <\/div>\n            <div class=\"u-container-style u-group u-image u-image-2\" data-image-width=\"310\" data-image-height=\"170\" style=\"background-image: url(&quot;https:\/\/xn--ennurturizm-qgc.com\/wp-content\/uploads\/2025\/07\/dbea4b02-2201-49b4-8e75-0427abb2c72fhiltonmekke.jpg.jpg&quot;);\">\n              <div class=\"u-container-layout u-container-layout-4\"><\/div>\n            <\/div><span class=\"u-file-icon u-icon u-text-palette-2-dark-1 u-icon-1\"><img decoding=\"async\" src=\"https:\/\/xn--ennurturizm-qgc.com\/wp-content\/uploads\/2025\/07\/626b582d.png\" alt=\"\"><\/span>\n            <p class=\"u-text u-text-10\"> Ara Ge\u00e7i\u015f&nbsp; &nbsp; &nbsp; &nbsp; &nbsp; &nbsp; :<span style=\"font-weight: 400;\">25 \u015eUBAT 2025<\/span><span style=\"font-weight: 400;\"><span style=\"font-weight: 700;\">&nbsp;<\/span>(MED\/MEK)<\/span>\n              <br>\n            <\/p><span class=\"u-file-icon u-icon u-text-palette-2-dark-1 u-icon-2\"><img decoding=\"async\" src=\"https:\/\/xn--ennurturizm-qgc.com\/wp-content\/uploads\/2025\/07\/73f18d80.png\" alt=\"\"><\/span>\n            <p class=\"u-text u-text-11\"> D\u00f6n\u00fc\u015f Tarihi&nbsp; &nbsp; &nbsp; :<span style=\"font-weight: 400;\">1 MART 2025 (C\u0130D\/\u0130ST)<\/span>\n            <\/p><span class=\"u-file-icon u-icon u-text-palette-2-dark-1 u-icon-3\"><img decoding=\"async\" src=\"https:\/\/xn--ennurturizm-qgc.com\/wp-content\/uploads\/2025\/07\/626b582d.png\" alt=\"\"><\/span>\n            <p class=\"u-text u-text-12\"> Havayolu&nbsp; &nbsp; &nbsp; &nbsp; &nbsp; &nbsp; :<span style=\"font-weight: 400;\"><\/span><span style=\"font-weight: 400;\">T\u00fcrk Hava Yollar\u0131-Suud Hava Yollar\u0131<\/span><span style=\"font-weight: 400;\"><\/span>\n            <\/p>\n            <p class=\"u-text u-text-13\"> Al Rawda Royal Inn ve Movenpick Otel vb (50 mt)<\/p>\n            <p class=\"u-text u-text-default u-text-14\"> Makkah Otel (Eski Hilton)<\/p>\n            <p class=\"u-text u-text-15\"> Yemek&nbsp; &nbsp; &nbsp; &nbsp; &nbsp; &nbsp; &nbsp; &nbsp; &nbsp;:<span style=\"font-weight: 400;\"><\/span><span style=\"font-weight: 400;\">Sabah kahvalt\u0131s\u0131 ve Ak\u015fam yeme\u011fi A\u00e7\u0131k B\u00fcfe<\/span>\n            <\/p>\n            <a href=\"https:\/\/xn--ennurturizm-qgc.com\/index.php\/tur-detayi-luks\/\" class=\"u-border-none u-btn u-btn-round u-button-style u-hover-palette-1-light-1 u-palette-2-dark-1 u-radius u-btn-1\" title=\"TUR DETAYI (L\u00dcKS)\" target=\"_blank\">TUR DETAYI <\/a>\n          <\/div>\n        <\/div>\n      <\/div>\n    <\/section>\n    \n    \n    \n    \n  \n","protected":false},"excerpt":{"rendered":"<p>l\u00fcx umre 8 g\u00fcn Tur No : 93 Medine Otel &nbsp; &nbsp; &nbsp;(3 Gece) Mekke Otel &nbsp; &nbsp;(4 Gece) G\u00fcn Say\u0131s\u0131&nbsp; &nbsp; &nbsp; &nbsp; &nbsp; :7&nbsp;Gece 8 G\u00fcn Gidi\u015f Tarihi&nbsp; &nbsp; &nbsp; &nbsp; :22 \u015eUBAT 2025 (\u0130ST\/MED) 4&#8217;l\u00fc OdadaKi\u015fi Ba\u015f\u01312200 $ 3&#8217;l\u00fc OdadaKi\u015fi Ba\u015f\u01312250 $ 2&#8217;li OdadaKi\u015fi Ba\u015f\u0131 2300 $ Ara Ge\u00e7i\u015f&nbsp; &nbsp; &nbsp; &nbsp; &hellip; <a href=\"https:\/\/xn--ennurturizm-qgc.com\/index.php\/luks-umre\/\" class=\"more-link\">Continue reading<span class=\"screen-reader-text\"> &#8220;l\u00fcks umre&#8221;<\/span><\/a><\/p>\n","protected":false},"author":1,"featured_media":0,"parent":0,"menu_order":9,"comment_status":"closed","ping_status":"closed","template":"","meta":{"footnotes":""},"class_list":["post-63","page","type-page","status-publish","hentry"],"_links":{"self":[{"href":"https:\/\/xn--ennurturizm-qgc.com\/index.php\/wp-json\/wp\/v2\/pages\/63","targetHints":{"allow":["GET"]}}],"collection":[{"href":"https:\/\/xn--ennurturizm-qgc.com\/index.php\/wp-json\/wp\/v2\/pages"}],"about":[{"href":"https:\/\/xn--ennurturizm-qgc.com\/index.php\/wp-json\/wp\/v2\/types\/page"}],"author":[{"embeddable":true,"href":"https:\/\/xn--ennurturizm-qgc.com\/index.php\/wp-json\/wp\/v2\/users\/1"}],"replies":[{"embeddable":true,"href":"https:\/\/xn--ennurturizm-qgc.com\/index.php\/wp-json\/wp\/v2\/comments?post=63"}],"version-history":[{"count":6,"href":"https:\/\/xn--ennurturizm-qgc.com\/index.php\/wp-json\/wp\/v2\/pages\/63\/revisions"}],"predecessor-version":[{"id":295,"href":"https:\/\/xn--ennurturizm-qgc.com\/index.php\/wp-json\/wp\/v2\/pages\/63\/revisions\/295"}],"wp:attachment":[{"href":"https:\/\/xn--ennurturizm-qgc.com\/index.php\/wp-json\/wp\/v2\/media?parent=63"}],"curies":[{"name":"wp","href":"https:\/\/api.w.org\/{rel}","templated":true}]}}